44024
In base 8, what is 16444 + -23440?
-4774
In base 8, what is 22271 - 3304?
16765
In base 9, what is -385 + 3448657?
3448262
In base 15, what is -2 + -a218ba?
-a218bc
In base 4, what is 13122000 + -1133?
13120201
In base 3, what is -12 - -2200211202010?
2200211201221
In base 6, what is 4241 - -10341455?
10350140
In base 10, what is -83 + 843899?
843816
In base 7, what is 1164263 + -133?
1164130
In base 13, what is 34 + b670b?
b6742
In base 15, what is 699a46d + -3?
699a46a
In base 14, what is 2a602 + -106?
2a4da
In base 10, what is -419 - 2836119?
-2836538
In base 12, what is -21440212 + -4?
-21440216
In base 2, what is 0 + 110001001110100110?
110001001110100110
In base 5, what is -10 + 221120411303?
221120411243
In base 15, what is -463a4d3 - -2?
-463a4d1
In base 13, what is -837163 + 26?
-83713a
In base 8, what is -103664174 - -3?
-103664171
In base 7, what is 54363231 + 5?
54363236
In base 7, what is -1265222 + -411?
-1265633
In base 3, what is -110 + 100021000220110?
100021000220000
In base 8, what is -320772 + -144?
-321136
In base 11, what is -140 - 1351689?
-1351819
In base 12, what is 0 + 10571615?
10571615
In base 9, what is 14214 - -26272?
41486
In base 8, what is -737636 + 6?
-737630
In base 13, what is 15c3bc9 + 3?
15c3bcc
In base 13, what is 6c8b95 + -5?
6c8b90
In base 15, what is -434a3 + -4?
-434a7
In base 10, what is 4326 - -608?
4934
In base 16, what is -49a22f - -1?
-49a22e
In base 6, what is -3 + 4322453503?
4322453500
In base 5, what is 12 + 322430430?
322430442
In base 12, what is -1079 + -130b?
-2388
In base 8, what is 10 - -35004052?
35004062
In base 4, what is 10 + 33220223212?
33220223222
In base 6, what is 120 + 325432?
325552
In base 7, what is -11 - 1014064602?
-1014064613
In base 10, what is -2 - -1583872?
1583870
In base 4, what is -132012023303 + -22?
-132012023331
In base 7, what is 31 - 105656?
-105625
In base 6, what is -135333015242 + 5?
-135333015233
In base 14, what is 92984 + -c?
92976
In base 10, what is 11499637 - -8?
11499645
In base 4, what is -20 - -3313011112?
3313011032
In base 2, what is -10100110 + 10011110010011010?
10011101111110100
In base 14, what is -23 - -413?
3d0
In base 2, what is 10010101111001 + -100010011101?
1110011011100
In base 4, what is 210132 + 3202312?
10013110
In base 16, what is -3 - -47fa4f?
47fa4c
In base 13, what is -4 + 61a9b783?
61a9b77c
In base 13, what is 254583 - -45?
2545c8
In base 5, what is 2 - -2020031402?
2020031404
In base 7, what is -110052 - 6116?
-116201
In base 3, what is -2021 + 1222111220102?
1222111211011
In base 2, what is 11000 - 111000000111100001?
-111000000111001001
In base 15, what is -c9cc + -40b?
-cdd8
In base 7, what is -31 + -3252405?
-3252436
In base 4, what is 213002031103 - -11?
213002031120
In base 13, what is -70c8482 + 2?
-70c8480
In base 5, what is 233143 - -24012?
312210
In base 12, what is 3517b36 - -6?
3517b40
In base 5, what is -2 - 34213102323?
-34213102330
In base 4, what is -331322222122 - -2?
-331322222120
In base 4, what is -3122032 - -121222113?
112100021
In base 8, what is -3 + 12542130?
12542125
In base 7, what is -166515306 - 6?
-166515315
In base 2, what is 1001011110101101101 + 1000110001?
1001011111110011110
In base 16, what is -1153d - dd?
-1161a
In base 13, what is 555 - 340a?
-2b85
In base 6, what is 141243 - -351?
142034
In base 5, what is -4 + -1100433400?
-1100433404
In base 2, what is 100101110111110001111101001 + -110?
100101110111110001111100011
In base 14, what is -9 - 1c5b1c?
-1c5b27
In base 6, what is 3351 + 13231412?
13235203
In base 7, what is 6464 - 101425?
-61631
In base 16, what is -5 - -7d769?
7d764
In base 13, what is -18 + 2309032?
2309017
In base 11, what is 41a8540 - 1?
41a853a
In base 5, what is 4012 + 10323433?
10333000
In base 9, what is -353561 - -111?
-353450
In base 15, what is -c95 + 3d7?
-8ad
In base 7, what is 103643 - 326?
103314
In base 6, what is 4355 - -10152?
14551
In base 9, what is 3 - 21058727?
-21058724
In base 4, what is 1020 + -130103223?
-130102203
In base 16, what is -adc2a7 + -4?
-adc2ab
In base 4, what is 21012112 + 1133?
21013311
In base 2, what is 10000001010000110000000001 - 1?
10000001010000110000000000
In base 8, what is -24 - 34067526?
-34067552
In base 11, what is -4 - -11341897?
11341893
In base 11, what is 1 - 14268996?
-14268995
In base 14, what is dd1b44 - -4?
dd1b48
In base 5, what is 3 - 10234302031?
-10234302023
In base 11, what is 14457 - 1161?
132a6
In base 14, what is -332d093 - -1?
-332d092
In base 6, what is 113 - -1050153445?
1050154002
In base 2, what is -1011111010110010110111 + 11?
-1011111010110010110100
In base 2, what is 11000110001000011111011 - -1?
11000110001000011111100
In base 10, what is -386 - -23656?
23270
In base 7, what is 5606 - 143663?
-135054
In base 6, what is 120 - -1120415?
1120535
In base 11, what is -28 - 14a74a1?
-14a7519
In base 14, what is -1 - -749b22b?
749b22a
In base 5, what is 213132 + 3112?
221244
In base 4, what is -3 - -20220020232?
20220020223
In base 3, what is 2011111112220 - -121202?
2011112011122
In base 15, what is -e2d161 - d?
-e2d16e
In base 4, what is 102 + -32213311?
-32213203
In base 3, what is -112221000120221111 + 2?
-112221000120221102
In base 8, what is 2372 + 332770?
335362
In base 3, what is 12012001 + 11020220101?
11110002102
In base 13, what is -21 + -2431a?
-2433b
In base 14, what is -22 - 49565b6?
-49565d8
In base 9, what is 5 - 3646717?
-3646712
In base 3, what is -1101001001022210 - -10?
-1101001001022200
In base 8, what is -3 - 13531323?
-13531326
In base 7, what is 3 - 1130166201?
-1130166165
In base 10, what is 20 + -4772899?
-4772879
In base 14, what is 225 + a6b?
c92
In base 15, what is 60aa - 4b8?
5ae2
In base 8, what is 100145 + -21?
100124
In base 7, what is 11 - -63565563?
63565604
In base 12, what is -245391 + 7?
-245386
In base 7, what is -54560 + 144061?
56201
In base 9, what is -5 - 211542475?
-211542481
In base 8, what is 13010005 + -4?
13010001
In base 12, what is -361251 - -2?
-36124b
In base 12, what is -2ba - -12599?
1229b
In base 5, what is -10 + 413441320001?
413441314441
In base 16, what is 14b + a1b?
b66
In base 9, what is -34734371 - -23?
-34734347
In base 14, what is -58c81 + 7b?
-58c04
In base 3, what is 10202121010210 - 111?
10202121010022
In base 2, what is -1011100001 - 100010011000110101?
-100010100100010110
In base 14, what is -23c159 + -9?
-23c164
In base 2, what is 101111111001110 + -11110111?
101111011010111
In base 2, what is 100 + -1000111100110001101100111001?
-1000111100110001101100110101
In base 6, what is -3 - 12550405?
-12550412
In base 13, what is 305c25b8 + -4?
305c25b4
In base 10, what is 5562 + 14259?
19821
In base 12, what is -798044 - 12?
-798056
In base 7, what is 6314514 - 61?
6314423
In base 12, what is 59 + 1531455?
15314b2
In base 12, what is -b205 - -168?
-b059
In base 5, what is 43424 - 132103?
-33124
In base 5, what is -11 + -101112341431?
-101112341442
In base 4, what is -13 - 3201120100?
-3201120113
In base 12, what is -a - 282401?
-28240b
In base 10, what is -278 + 216497?
216219
In base 10, what is -29427018 - -6?
-29427012
In base 15, what is -2 - 9e0727?
-9e0729
In base 11, what is -4176 - -3739?
-538
In base 2, what is -1 - -1110000001110011100?
1110000001110011011
In base 4, what is 3322020020231 + 3?
3322020020300
In base 15, what is -84717c4 - 3?
-84717c7
In base 13, what is -1480c8c + 27?
-1480c65
In base 8, what is 141 - -10052147?
10052310
In base 15, what is -1a - -106ede?
106ec4
In base 5, what is 104 - 11120413120?
-11120413011
In base 8, what is -5562 - -153715?
146133
In base 12, what is -1175b82 + 180?
-1175a02
In base 3, what is -201 + -1011021002100?
-1011021010001
In base 6, what is -4005350 + 5?
-4005341
In base 10, what is 10125 + -8101?
2024
In base 6, what is -13140450 + 20515?
-13115531
In base 6, what is -23 + -1022053244?
-1022053311
In base 13, what is -28c151c1 - -2?
-28c151bc
In base 6, what is -1102 + 4250243?
4245141
In base 8, what is 43005 + -16331?
24454
In base 12, what is -947 - -170?
-797
In base 16, what is a - -73ca0c?
73ca16
In base 9, what is -43 - 1113764?
-1113817
In base 3, what is 21100222210 - 22?
21100222111
In base 14, what is -148 + -c11a6?
-c1310
In base 15, what is -1bd37d - 0?
-1bd37d
In 